7?
-204c
In base 2, what is 11 + 1001?
1100
In base 7, what is -666 + 3?
-663
In base 8, what is 107 - -3?
112
In base 9, what is 1 - 1277?
-1276
In base 15, what is 1d2 + 1?
1d3
In base 5, what is 10 + 4001?
4011
In base 12, what is -4 + -189?
-191
In base 12, what is -9ab8 - -3?
-9ab5
In base 11, what is 1 + -1124?
-1123
In base 2, what is 11100010 - 110?
11011100
In base 4, what is 1113 - -132?
1311
In base 12, what is 0 - -3a?
3a
In base 6, what is -1130 + -5?
-1135
In base 14, what is 2 - 457?
-455
In base 2, what is 100101001 - -10?
100101011
In base 14, what is -4 + -b04?
-b08
In base 14, what is 11b3 + -2?
11b1
In base 10, what is 2 - -851?
853
In base 5, what is -2401 + -131?
-3032
In base 7, what is 110 - -2?
112
In base 5, what is 2 - -13123?
13130
In base 13, what is -4 - -466?
462
In base 16, what is 2 + 8?
a
In base 7, what is 32421 + -1?
32420
In base 3, what is -10220 + -12?
-11002
In base 16, what is -534 - -5?
-52f
In base 13, what is 15 - -3?
18
In base 10, what is -69 - 19?
-88
In base 2, what is -110111 - -101011?
-1100
In base 14, what is -4318 - -3?
-4315
In base 12, what is -1bb - 3?
-202
In base 12, what is 3177 - -5?
3180
In base 10, what is -1 - 74?
-75
In base 2, what is 11 - 110?
-11
In base 12, what is 591 - 1?
590
In base 11, what is 1a8 - 0?
1a8
In base 2, what is 101 + -110?
-1
In base 6, what is -5 - 353?
-402
In base 14, what is 779 + 2?
77b
In base 12, what is -2325 + -4?
-2329
In base 10, what is -5 - 3251?
-3256
In base 4, what is 0 - -203?
203
In base 11, what is 12 + 261?
273
In base 3, what is 111 + -2?
102
In base 14, what is 4 + -117?
-113
In base 2, what is -111101 - -111110?
1
In base 14, what is -20 - -4?
-1a
In base 14, what is 12 - -97?
a9
In base 16, what is -e79 + 4?
-e75
In base 7, what is 16 + -6?
10
In base 9, what is 10085 - 5?
10080
In base 14, what is 0 + 23d3?
23d3
In base 11, what is 5 + -8?
-3
In base 7, what is 234 + 2?
236
In base 3, what is 21 + -1002?
-211
In base 16, what is 2 - 48?
-46
In base 7, what is 132 + -10?
122
In base 4, what is 3 - 3131?
-3122
In base 2, what is 11011111101 + -101?
11011111000
In base 14, what is 22 - -4c?
70
In base 4, what is -23223 - -3?
-23220
In base 13, what is 1 + 167?
168
In base 15, what is 1b1 - 33?
17d
In base 11, what is -7 + 2480?
2474
In base 6, what is 3 - 10133?
-10130
In base 12, what is -228 - -a?
-21a
In base 12, what is -3 - 152?
-155
In base 3, what is 10 + 22012020?
22012100
In base 14, what is 2 + -1d4?
-1d2
In base 3, what is 12010 - 12?
11221
In base 12, what is -2b6 - -3?
-2b3
In base 6, what is -2 + -204?
-210
In base 7, what is 44 + -11?
33
In base 8, what is 65 + -14?
51
In base 2, what is -10111011 - 101100?
-11100111
In base 7, what is -3 + 1411?
1405
In base 13, what is -1 - -708?
707
In base 4, what is 0 + -300?
-300
In base 10, what is -133 - 3?
-136
In base 7, what is -26222 - -4?
-26215
In base 5, what is -1230 + 1110?
-120
In base 6, what is 104 + 1?
105
In base 3, what is 12 - -101?
120
In base 9, what is 34 + 15?
50
In base 11, what is -28 - 336?
-363
In base 12, what is -2285 + -5?
-228a
In base 4, what is -2002 - -23?
-1313
In base 6, what is 3 - 1141?
-1134
In base 5, what is -22313 + -2?
-22320
In base 13, what is 1c - -1?
20
In base 10, what is 152 + -4?
148
In base 13, what is 679 + 0?
679
In base 3, what is 20112 - -20?
20202
In base 3, what is -12 + 10210120?
10210101
In base 6, what is 2 + 1030?
1032
In base 12, what is 1a4 - -4?
1a8
In base 2, what is 1 + -11101110?
-11101101
In base 15, what is 2 - 22?
-20
In base 2, what is 101 + 10000010110?
10000011011
In base 10, what is 4 + -2?
2
In base 14, what is 3 + -59?
-56
In base 4, what is -310312 + 0?
-310312
In base 16, what is 4 - a95?
-a91
In base 15, what is -a7a - -5?
-a75
In base 3, what is -11 + 222221?
222210
In base 7, what is 1550 + -2?
1545
In base 2, what is -111110 + -1110010?
-10110000
In base 7, what is 35 - -1132?
1200
In base 6, what is -30 + 32?
2
In base 7, what is 22 + -13?
6
In base 16, what is -254 - -5?
-24f
In base 8, what is 130 + -7?
121
In base 10, what is -1716 - 5?
-1721
In base 4, what is -112 + -11?
-123
In base 4, what is -21 + 20?
-1
In base 12, what is -1 - 812?
-813
In base 7, what is -1035 - -11?
-1024
In base 15, what is 0 - -1713?
1713
In base 15, what is e4 + -1?
e3
In base 5, what is 13 - 344?
-331
In base 12, what is 54 - -34?
88
In base 13, what is 34 - -9?
40
In base 15, what is 1 - 35?
-34
In base 13, what is -67 + 141?
a7
In base 10, what is -9 - -1990?
1981
In base 8, what is 12 - -32?
44
In base 11, what is 2 + 1213?
1215
In base 3, what is 22 + 11102222?
11110021
In base 4, what is 1 - -22?
23
In base 14, what is -8 - 27?
-31
In base 7, what is -2331 - -3?
-2325
In base 5, what is -132 - -20?
-112
In base 3, what is -1002022 + -21?
-1002120
In base 6, what is 23405 + -5?
23400
In base 2, what is -1 + 10000000011?
10000000010
In base 15, what is -3 - -18?
15
In base 14, what is 0 - -104?
104
In base 2, what is 10101 - -10111000?
11001101
In base 6, what is 25 + -52?
-23
In base 5, what is -4 + 10000?
4441
In base 8, what is -17 + 52?
33
In base 12, what is -2 + 94?
92
In base 7, what is -63 + -4?
-100
In base 5, what is -4 - -101330?
101321
In base 13, what is 50 - 5?
48
In base 11, what is -48 - 7?
-54
In base 9, what is 278 - 5?
273
In base 16, what is 46 + -3?
43
In base 12, what is -85b9 + -4?
-8601
In base 4, what is 10 - 320?
-310
In base 12, what is 4 - 79?
-75
In base 2, what is 110111001001 - -10?
110111001011
In base 9, what is -173 + 40?
-133
In base 12, what is -1a + 1?
-19
In base 2, what is -11010011100 - -11?
-11010011001
In base 6, what is 2 - -15214?
15220
In base 7, what is 60 + -2?
55
In base 11, what is 5 + -17?
-12
In base 10, what is -12 - -11?
-1
In base 4, what is -331 + -3320?
-10311
In base 15, what is 30 + -d?
22
In base 3, what is 10 + 1?
11
In base 3, what is 220 - 1011?
-21
In base 2, what is 11 + 1010001100?
1010001111
In base 16, what is 7c + -3?
79
In base 6, what is -331 + -5?
-340
In base 6, what is 2 - -33?
35
In base 11, what is -3 + -565?
-568
In base 11, what is 0 - -262?
262
In base 4, what is -1010 - -12?
-332
In base 16, what is -2 - -2e3?
2e1
In base 16, what is -1 - -8a?
89
In base 16, what is -3dd + -15?
-3f2
In base 8, what is -1 - -775?
774
In base 14, what is 126 - -1?
127
In base 3, what is 2212 - -202?
10121
In base 13, what is -552 - -7?
-548
In base 16, what is 30b + -5?
306
In base 10, what is -39 + 3?
-36
In base 13, what is -2 - 5?
-7
In base 14, what is 2 - 136d?
-136b
In base 10, what is -5 + 73?
68
In base 15, what is 1197e + -5?
11979
In base 10, what is -2 + -2105?
-2107
In base 8, what is -22 - -2?
-20
In base 6, what is -22011 + 3?
-22004
In base 7, what is -6152 - -4?
-6145
In base 16, what is -2 + 60f?
60d
In base 10, what is -5 - -2210?
2205
In base 10, what is -5 - -3516?
3511
In base 12, what is -4 - -117?
113
In base 8, what is 210 - 5?
203
In base 5, what is -3 + 1212?
1204
In base 9, what is -3 - 125?
-128
In base 5, what is 11321 + 2?
11323
In base 7, what is 3 - -145?
151
In base 4, what is -100 - 100313?
-101013
In base 6, what is -541 + -1?
-542
In base 15, what is 14 + -c7?
-b3
In base 10, what is 581 - 3?
578
In base 10, what is 0 + 3649?
3649
In base 2, what is -110 - -100110?
100000
In base 9, what is 3 - 165?
-162
In base 5, what is -1022 + 0?
-1022
In base 9, what is 25 - 346?
-321
In base 7, what is -1001 - 14?
-1015
In base 4, what is -3 - -1202?
1133
In base 3, what is 2020 + -12?
2001
In base 11, what is 1064 + -5?
105a
In base 2, what is -1011100 + 10011?
-1001001
In base 14, what is 0 + 28?
28
In base 5, what is -214 + 44?
-120
In base 10, what is -29 + -21?
-50
In base 2, what is -10 + -110111100?
-110111110
In base 8, what is 145 - -4?
151
In base 11, what is -9 + -18?
-26
In base 3, what is -1 + -22100?
-22101
In base 15, what is -36 + 23?
-13
In base 6, what is -311 - -2?
-305
In base 16, what is fa - 0?
fa
In base 7, what is 1 - 152?
-151
In base 6, what is -112 + -420?
-532
In base 3, what is 10221 - -1?
10222
In base 14, what is 95 - 0?
95
In base 15, what is 7 - -9d?
a5
In base 5, what is -10 + 44224?
44214
In base 7, what is 40 + -341?
-301
In base 3, what is -1102 + -1100?
-2202
In base 6, what is 52 + 22?
114
I